{"id":158,"date":"2020-12-15T11:57:56","date_gmt":"2020-12-15T11:57:56","guid":{"rendered":"https:\/\/aksehir.web.tr\/?page_id=158"},"modified":"2021-03-02T20:10:58","modified_gmt":"2021-03-02T20:10:58","slug":"kiraz-festivali","status":"publish","type":"page","link":"https:\/\/aksehir.web.tr\/?page_id=158","title":{"rendered":""},"content":{"rendered":"<p style=\"text-align: center;\"><span style=\"font-family: verdana, geneva, sans-serif; font-size: 14pt; color: #808080;\">AK\u015eEH\u0130R K\u0130RAZI K\u00dcLT\u00dcR VE SANAT FEST\u0130VAL\u0130<\/span><\/p>\n<div id='gallery-1' class='gallery galleryid-158 gallery-columns-3 gallery-size-full'><figure class='gallery-item'>\n\t\t\t<div class='gallery-icon landscape'>\n\t\t\t\t<img loading=\"lazy\" decoding=\"async\" width=\"340\" height=\"226\" src=\"https:\/\/aksehir.web.tr\/wp-content\/uploads\/2020\/12\/krz2.jpg\" class=\"attachment-full size-full\" alt=\"\" srcset=\"https:\/\/aksehir.web.tr\/wp-content\/uploads\/2020\/12\/krz2.jpg 340w, https:\/\/aksehir.web.tr\/wp-content\/uploads\/2020\/12\/krz2-300x199.jpg 300w\" sizes=\"auto, (max-width: 340px) 100vw, 340px\" \/>\n\t\t\t<\/div><\/figure><figure class='gallery-item'>\n\t\t\t<div class='gallery-icon portrait'>\n\t\t\t\t<img loading=\"lazy\" decoding=\"async\" width=\"202\" height=\"300\" src=\"https:\/\/aksehir.web.tr\/wp-content\/uploads\/2020\/12\/krz3.jpg\" class=\"attachment-full size-full\" alt=\"\" \/>\n\t\t\t<\/div><\/figure><figure class='gallery-item'>\n\t\t\t<div class='gallery-icon landscape'>\n\t\t\t\t<img loading=\"lazy\" decoding=\"async\" width=\"340\" height=\"226\" src=\"https:\/\/aksehir.web.tr\/wp-content\/uploads\/2020\/12\/krz1.jpg\" class=\"attachment-full size-full\" alt=\"\" srcset=\"https:\/\/aksehir.web.tr\/wp-content\/uploads\/2020\/12\/krz1.jpg 340w, https:\/\/aksehir.web.tr\/wp-content\/uploads\/2020\/12\/krz1-300x199.jpg 300w\" sizes=\"auto, (max-width: 340px) 100vw, 340px\" \/>\n\t\t\t<\/div><\/figure>\n\t\t<\/div>\n\n<p><span style=\"font-family: verdana, geneva, sans-serif; font-size: 12pt; color: #808080;\">Ak\u015fehir Kiraz\u0131&#8217;n\u0131 daha iyi tan\u0131tmak ve \u00fcreticileri te\u015fvik etmek amac\u0131yla d\u00fczenlenen Ak\u015fehir Kiraz\u0131 K\u00fclt\u00fcr ve Sanat Festivali, Ak\u015fehir K\u00fclt\u00fcr Merkezi&#8217; nde ger\u00e7ekle\u015ftirilen programa; Ak\u015fehir Kaymakam\u0131 , Ak\u015fehir Belediye Ba\u015fkan\u0131, Konya Milletvekilleri, Siyasi Parti \u0130l\u00e7e Ba\u015fkanlar\u0131, \u0130l\u00e7e G\u0131da Tar\u0131m ve Hayvanc\u0131l\u0131k M\u00fcd\u00fcr\u00fc , \u0130l\u00e7e Ziraat Odas\u0131 Ba\u015fkan\u0131 , Ak\u015fehir ticaret Borsas\u0131 Ba\u015fkan\u0131 , baz\u0131 kamu kurum m\u00fcd\u00fcrleri, oda ba\u015fkanlar\u0131 ile \u00e7ok say\u0131da vatanda\u015f kat\u0131l\u0131m\u0131yla yap\u0131lmaktad\u0131r.<\/span><br \/>\n<span style=\"font-family: verdana, geneva, sans-serif; font-size: 12pt; color: #808080;\">Y\u0131lda yakla\u015f\u0131k 20-21 ton civar\u0131nda bir \u00fcretim s\u00f6z konusudur. \u00dcretilen \u00fcr\u00fcn\u00fcn %70\u2019i 28,mm \u00fczerinde ve tamam\u0131 a\u011f\u0131rl\u0131kl\u0131 olarak Avrupa Birli\u011fi \u00fclkelerine ihra\u00e7 edilmektedir. \u201cAk\u015fehir Kiraz\u0131\u201d kalitesiyle, aromas\u0131yla, sap uzunlu\u011fu ve sertli\u011fini dikkate alarak 11 Nisan 2004\u2019te \u201cT\u00fcrk Patent Enstit\u00fcs\u00fc\u201d taraf\u0131ndan \u201cAk\u015fehir Kiraz\u0131\u201d olarak tescillenmi\u015ftir.<\/span><br \/>\n<span style=\"font-family: verdana, geneva, sans-serif; font-size: 12pt; color: #808080;\">Kiraz \u00fcretimi Ak\u015fehir \u00e7ift\u00e7isini kalk\u0131nd\u0131rmaya devam ediyor. Her ge\u00e7en g\u00fcn g\u00fczel ve kaliteli \u00fcr\u00fcnlerin ortaya \u00e7\u0131kmas\u0131 Ak\u015fehirli \u00fcreticileri memnun ediyor. Fiyat politikas\u0131 i\u00e7inse ihracatla alakal\u0131 olarak de\u011fi\u015fiyor ama Kiraz her zaman \u00f6nemini koruyor. \u00dcreticiler; \u00dcniversiteler,Tar\u0131m te\u015fkilat\u0131, Ticaret ve Sanayi Odas\u0131, Ziraat Odas\u0131, Ak\u015fehir Belediyesi ve B\u00fcy\u00fck\u015fehir Belediyesinin katk\u0131lar\u0131yla her ge\u00e7en g\u00fcn \u00fcretimde kalite art\u0131rmaya devam ediyor , T\u00fcrkiye \u00fcretiminin %4\u2019 \u00fcn\u00fc Ak\u015fehir \u00fcretiyor. T\u00fcrkiye ihracat\u0131nda da y\u0131llara g\u00f6re %16, 20, 30\u2019u s\u0131ralarda olmu\u015ftur. Pazarlama noktas\u0131nda yeterli bir alt yap\u0131 \u00e7al\u0131\u015fmas\u0131 olmad\u0131\u011f\u0131 i\u00e7in ihracat\u00e7\u0131 firmalar\u0131n komisyoncularla i\u015fbirli\u011fi i\u00e7erisinde olmalar\u0131, \u00fcreticilerden ald\u0131\u011f\u0131 kirazlar\u0131 ihracat\u00e7\u0131 firmalar\u0131n damgalar\u0131n\u0131 vurmas\u0131yla ger\u00e7ekle\u015fti\u011fi i\u00e7in \u00fcretimde ve sat\u0131\u015f noktas\u0131nda d\u00fc\u015f\u00fc\u015f g\u00f6zlemlenmektedir. So\u011fuk hava depolar\u0131 noktas\u0131nda alt yap\u0131 geli\u015ftirilmi\u015ftir. Ork\u00f6y kapsam\u0131nda tar\u0131msal kalk\u0131nma kooperatifleri i\u00e7in yap\u0131lan so\u011fuk hava tesisleri vard\u0131r, Ak\u015fehir Belediyesi gerekli altyap\u0131y\u0131 olu\u015fturup so\u011fuk hava deposu i\u00e7in arsa \u00fcretmektedir.<\/span><br \/>\n<span style=\"font-family: verdana, geneva, sans-serif; font-size: 12pt; color: #808080;\">Ortalama 150 bin civar\u0131nda a\u011fa\u00e7tan yine ortalama 50 bin ton civar\u0131nda bir kiraz \u00fcretimi ger\u00e7ekle\u015ftiriliyor.<\/span><br \/>\n<span style=\"font-family: verdana, geneva, sans-serif; font-size: 12pt; color: #808080;\">Bu festivallerin maksad\u0131 kiraz \u00fcreticisini yar\u0131\u015ft\u0131rarak, rekabeti getirerek kaliteyi tetiklemek, bu anlamda da \u00fcretimi te\u015fvik etmek. Bundan da art\u0131 de\u011fer olarak, maddi de\u011fer olarak \u00fclke ekonomisine, Ak\u015fehir ekonomisine bir kazan\u0131m elde edilmektir.<\/span><br \/>\n<span style=\"font-family: verdana, geneva, sans-serif; font-size: 12pt; color: #808080;\">Allah her y\u00f6reye ayr\u0131 bir aroma, ayr\u0131 bir tat vermi\u015f. Ak\u015fehir\u2019imizin de kiraz\u0131 ger\u00e7ekten ayr\u0131 bir tat ve aromaya sahip.<\/span><br \/>\n<span style=\"font-family: verdana, geneva, sans-serif; font-size: 12pt; color: #808080;\">Yap\u0131lan festivalde A\u015f\u0131klar \u015e\u00f6leni program\u0131 ger\u00e7ekle\u015ftirilmektedir. A\u015f\u0131klar; t\u00fcrk\u00fcler, deyi\u015fler, destanlar, at\u0131\u015fmalar, lebde\u011fmez ve kahramanl\u0131k t\u00fcrk\u00fclerinden olu\u015fan bir program yaparlar.<\/span><br \/>\n<span style=\"font-family: verdana, geneva, sans-serif; font-size: 12pt; color: #808080;\">Kiraz Yar\u0131\u015fmas\u0131 ile En G\u00fczel Kiraz Bah\u00e7esi Yar\u0131\u015fmas\u0131 \u00f6d\u00fcl t\u00f6reni yap\u0131larak,yar\u0131\u015fmada dereceye girenlere programa kat\u0131lan protokol taraf\u0131ndan \u00e7e\u015fitli para \u00f6d\u00fclleri verilir.<\/span><\/p>\n<div id='gallery-2' class='gallery galleryid-158 gallery-columns-4 gallery-size-large'><figure class='gallery-item'>\n\t\t\t<div class='gallery-icon landscape'>\n\t\t\t\t<img loading=\"lazy\" decoding=\"async\" width=\"422\" height=\"241\" src=\"https:\/\/aksehir.web.tr\/wp-content\/uploads\/2020\/12\/krz9.jpg\" class=\"attachment-large size-large\" alt=\"\" srcset=\"https:\/\/aksehir.web.tr\/wp-content\/uploads\/2020\/12\/krz9.jpg 422w, https:\/\/aksehir.web.tr\/wp-content\/uploads\/2020\/12\/krz9-300x171.jpg 300w\" sizes=\"auto, (max-width: 422px) 100vw, 422px\" \/>\n\t\t\t<\/div><\/figure><figure class='gallery-item'>\n\t\t\t<div class='gallery-icon portrait'>\n\t\t\t\t<img loading=\"lazy\" decoding=\"async\" width=\"164\" height=\"241\" src=\"https:\/\/aksehir.web.tr\/wp-content\/uploads\/2020\/12\/krz4.jpg\" class=\"attachment-large size-large\" alt=\"\" \/>\n\t\t\t<\/div><\/figure><figure class='gallery-item'>\n\t\t\t<div class='gallery-icon portrait'>\n\t\t\t\t<img loading=\"lazy\" decoding=\"async\" width=\"163\" height=\"241\" src=\"https:\/\/aksehir.web.tr\/wp-content\/uploads\/2020\/12\/krz6.jpg\" class=\"attachment-large size-large\" alt=\"\" \/>\n\t\t\t<\/div><\/figure><figure class='gallery-item'>\n\t\t\t<div class='gallery-icon portrait'>\n\t\t\t\t<img loading=\"lazy\" decoding=\"async\" width=\"163\" height=\"241\" src=\"https:\/\/aksehir.web.tr\/wp-content\/uploads\/2020\/12\/krz7.jpg\" class=\"attachment-large size-large\" alt=\"\" \/>\n\t\t\t<\/div><\/figure>\n\t\t<\/div>\n\n<div id='gallery-3' class='gallery galleryid-158 gallery-columns-3 gallery-size-full'><figure class='gallery-item'>\n\t\t\t<div class='gallery-icon landscape'>\n\t\t\t\t<img loading=\"lazy\" decoding=\"async\" width=\"315\" height=\"210\" src=\"https:\/\/aksehir.web.tr\/wp-content\/uploads\/2020\/12\/krz11.jpg\" class=\"attachment-full size-full\" alt=\"\" srcset=\"https:\/\/aksehir.web.tr\/wp-content\/uploads\/2020\/12\/krz11.jpg 315w, https:\/\/aksehir.web.tr\/wp-content\/uploads\/2020\/12\/krz11-300x200.jpg 300w\" sizes=\"auto, (max-width: 315px) 100vw, 315px\" \/>\n\t\t\t<\/div><\/figure><figure class='gallery-item'>\n\t\t\t<div class='gallery-icon landscape'>\n\t\t\t\t<img loading=\"lazy\" decoding=\"async\" width=\"315\" height=\"210\" src=\"https:\/\/aksehir.web.tr\/wp-content\/uploads\/2020\/12\/krz10.jpg\" class=\"attachment-full size-full\" alt=\"\" srcset=\"https:\/\/aksehir.web.tr\/wp-content\/uploads\/2020\/12\/krz10.jpg 315w, https:\/\/aksehir.web.tr\/wp-content\/uploads\/2020\/12\/krz10-300x200.jpg 300w\" sizes=\"auto, (max-width: 315px) 100vw, 315px\" \/>\n\t\t\t<\/div><\/figure><figure class='gallery-item'>\n\t\t\t<div class='gallery-icon landscape'>\n\t\t\t\t<img loading=\"lazy\" decoding=\"async\" width=\"313\" height=\"209\" src=\"https:\/\/aksehir.web.tr\/wp-content\/uploads\/2020\/12\/krz12.jpg\" class=\"attachment-full size-full\" alt=\"\" srcset=\"https:\/\/aksehir.web.tr\/wp-content\/uploads\/2020\/12\/krz12.jpg 313w, https:\/\/aksehir.web.tr\/wp-content\/uploads\/2020\/12\/krz12-300x200.jpg 300w\" sizes=\"auto, (max-width: 313px) 100vw, 313px\" \/>\n\t\t\t<\/div><\/figure>\n\t\t<\/div>\n\n<div id='gallery-4' class='gallery galleryid-158 gallery-columns-3 gallery-size-full'><figure class='gallery-item'>\n\t\t\t<div class='gallery-icon landscape'>\n\t\t\t\t<img loading=\"lazy\" decoding=\"async\" width=\"265\" height=\"200\" src=\"https:\/\/aksehir.web.tr\/wp-content\/uploads\/2020\/12\/krz15.jpg\" class=\"attachment-full size-full\" alt=\"\" \/>\n\t\t\t<\/div><\/figure><figure class='gallery-item'>\n\t\t\t<div class='gallery-icon landscape'>\n\t\t\t\t<img loading=\"lazy\" decoding=\"async\" width=\"386\" height=\"200\" src=\"https:\/\/aksehir.web.tr\/wp-content\/uploads\/2020\/12\/krz16.jpg\" class=\"attachment-full size-full\" alt=\"\" srcset=\"https:\/\/aksehir.web.tr\/wp-content\/uploads\/2020\/12\/krz16.jpg 386w, https:\/\/aksehir.web.tr\/wp-content\/uploads\/2020\/12\/krz16-300x155.jpg 300w\" sizes=\"auto, (max-width: 386px) 100vw, 386px\" \/>\n\t\t\t<\/div><\/figure><figure class='gallery-item'>\n\t\t\t<div class='gallery-icon landscape'>\n\t\t\t\t<img loading=\"lazy\" decoding=\"async\" width=\"276\" height=\"200\" src=\"https:\/\/aksehir.web.tr\/wp-content\/uploads\/2020\/12\/krz14.jpg\" class=\"attachment-full size-full\" alt=\"\" \/>\n\t\t\t<\/div><\/figure>\n\t\t<\/div>\n\n<p>&nbsp;<\/p>\n","protected":false},"excerpt":{"rendered":"<p>AK\u015eEH\u0130R K\u0130RAZI K\u00dcLT\u00dcR VE SANAT FEST\u0130VAL\u0130 Ak\u015fehir Kiraz\u0131&#8217;n\u0131 daha iyi tan\u0131tmak ve \u00fcreticileri te\u015fvik etmek amac\u0131yla d\u00fczenlenen Ak\u015fehir Kiraz\u0131 K\u00fclt\u00fcr<\/p>\n","protected":false},"author":1,"featured_media":0,"parent":0,"menu_order":0,"comment_status":"closed","ping_status":"closed","template":"","meta":{"footnotes":""},"class_list":["post-158","page","type-page","status-publish","hentry"],"yoast_head":"<!-- This site is optimized with the Yoast SEO plugin v27.6 - https:\/\/yoast.com\/product\/yoast-seo-wordpress\/ -->\n<title>- Ak\u015fehir.web.tr<\/title>\n<meta name=\"robots\" content=\"index, follow, max-snippet:-1, max-image-preview:large, max-video-preview:-1\" \/>\n<link rel=\"canonical\" href=\"https:\/\/aksehir.web.tr\/?page_id=158\" \/>\n<meta property=\"og:locale\" content=\"tr_TR\" \/>\n<meta property=\"og:type\" content=\"article\" \/>\n<meta property=\"og:title\" content=\"- Ak\u015fehir.web.tr\" \/>\n<meta property=\"og:description\" content=\"AK\u015eEH\u0130R K\u0130RAZI K\u00dcLT\u00dcR VE SANAT FEST\u0130VAL\u0130 Ak\u015fehir Kiraz\u0131&#8217;n\u0131 daha iyi tan\u0131tmak ve \u00fcreticileri te\u015fvik etmek amac\u0131yla d\u00fczenlenen Ak\u015fehir Kiraz\u0131 K\u00fclt\u00fcr\" \/>\n<meta property=\"og:url\" content=\"https:\/\/aksehir.web.tr\/?page_id=158\" \/>\n<meta property=\"og:site_name\" content=\"Ak\u015fehir.web.tr\" \/>\n<meta property=\"article:modified_time\" content=\"2021-03-02T20:10:58+00:00\" \/>\n<meta property=\"og:image\" content=\"https:\/\/aksehir.web.tr\/wp-content\/uploads\/2020\/12\/krz2.jpg\" \/>\n<meta name=\"twitter:card\" content=\"summary_large_image\" \/>\n<meta name=\"twitter:label1\" content=\"Tahmini okuma s\u00fcresi\" \/>\n\t<meta name=\"twitter:data1\" content=\"2 dakika\" \/>\n<script type=\"application\/ld+json\" class=\"yoast-schema-graph\">{\"@context\":\"https:\\\/\\\/schema.org\",\"@graph\":[{\"@type\":\"WebPage\",\"@id\":\"https:\\\/\\\/aksehir.web.tr\\\/?page_id=158\",\"url\":\"https:\\\/\\\/aksehir.web.tr\\\/?page_id=158\",\"name\":\"- Ak\u015fehir.web.tr\",\"isPartOf\":{\"@id\":\"https:\\\/\\\/aksehir.web.tr\\\/#website\"},\"datePublished\":\"2020-12-15T11:57:56+00:00\",\"dateModified\":\"2021-03-02T20:10:58+00:00\",\"inLanguage\":\"tr\",\"potentialAction\":[{\"@type\":\"ReadAction\",\"target\":[\"https:\\\/\\\/aksehir.web.tr\\\/?page_id=158\"]}]},{\"@type\":\"WebSite\",\"@id\":\"https:\\\/\\\/aksehir.web.tr\\\/#website\",\"url\":\"https:\\\/\\\/aksehir.web.tr\\\/\",\"name\":\"Ak\u015fehir\",\"description\":\"D\u00fcnyan\u0131n Ortas\u0131na Ho\u015fgeldiniz\",\"publisher\":{\"@id\":\"https:\\\/\\\/aksehir.web.tr\\\/#\\\/schema\\\/person\\\/6ab2d6737a97da61e188d3f186a6ffca\"},\"potentialAction\":[{\"@type\":\"SearchAction\",\"target\":{\"@type\":\"EntryPoint\",\"urlTemplate\":\"https:\\\/\\\/aksehir.web.tr\\\/?s={search_term_string}\"},\"query-input\":{\"@type\":\"PropertyValueSpecification\",\"valueRequired\":true,\"valueName\":\"search_term_string\"}}],\"inLanguage\":\"tr\"},{\"@type\":[\"Person\",\"Organization\"],\"@id\":\"https:\\\/\\\/aksehir.web.tr\\\/#\\\/schema\\\/person\\\/6ab2d6737a97da61e188d3f186a6ffca\",\"name\":\"admin\",\"image\":{\"@type\":\"ImageObject\",\"inLanguage\":\"tr\",\"@id\":\"https:\\\/\\\/aksehir.web.tr\\\/wp-content\\\/uploads\\\/2020\\\/12\\\/cropped-cropped-bbbaslik.png\",\"url\":\"https:\\\/\\\/aksehir.web.tr\\\/wp-content\\\/uploads\\\/2020\\\/12\\\/cropped-cropped-bbbaslik.png\",\"contentUrl\":\"https:\\\/\\\/aksehir.web.tr\\\/wp-content\\\/uploads\\\/2020\\\/12\\\/cropped-cropped-bbbaslik.png\",\"width\":960,\"height\":80,\"caption\":\"admin\"},\"logo\":{\"@id\":\"https:\\\/\\\/aksehir.web.tr\\\/wp-content\\\/uploads\\\/2020\\\/12\\\/cropped-cropped-bbbaslik.png\"}}]}<\/script>\n<!-- \/ Yoast SEO plugin. -->","yoast_head_json":{"title":"- Ak\u015fehir.web.tr","robots":{"index":"index","follow":"follow","max-snippet":"max-snippet:-1","max-image-preview":"max-image-preview:large","max-video-preview":"max-video-preview:-1"},"canonical":"https:\/\/aksehir.web.tr\/?page_id=158","og_locale":"tr_TR","og_type":"article","og_title":"- Ak\u015fehir.web.tr","og_description":"AK\u015eEH\u0130R K\u0130RAZI K\u00dcLT\u00dcR VE SANAT FEST\u0130VAL\u0130 Ak\u015fehir Kiraz\u0131&#8217;n\u0131 daha iyi tan\u0131tmak ve \u00fcreticileri te\u015fvik etmek amac\u0131yla d\u00fczenlenen Ak\u015fehir Kiraz\u0131 K\u00fclt\u00fcr","og_url":"https:\/\/aksehir.web.tr\/?page_id=158","og_site_name":"Ak\u015fehir.web.tr","article_modified_time":"2021-03-02T20:10:58+00:00","og_image":[{"url":"https:\/\/aksehir.web.tr\/wp-content\/uploads\/2020\/12\/krz2.jpg","type":"","width":"","height":""}],"twitter_card":"summary_large_image","twitter_misc":{"Tahmini okuma s\u00fcresi":"2 dakika"},"schema":{"@context":"https:\/\/schema.org","@graph":[{"@type":"WebPage","@id":"https:\/\/aksehir.web.tr\/?page_id=158","url":"https:\/\/aksehir.web.tr\/?page_id=158","name":"- Ak\u015fehir.web.tr","isPartOf":{"@id":"https:\/\/aksehir.web.tr\/#website"},"datePublished":"2020-12-15T11:57:56+00:00","dateModified":"2021-03-02T20:10:58+00:00","inLanguage":"tr","potentialAction":[{"@type":"ReadAction","target":["https:\/\/aksehir.web.tr\/?page_id=158"]}]},{"@type":"WebSite","@id":"https:\/\/aksehir.web.tr\/#website","url":"https:\/\/aksehir.web.tr\/","name":"Ak\u015fehir","description":"D\u00fcnyan\u0131n Ortas\u0131na Ho\u015fgeldiniz","publisher":{"@id":"https:\/\/aksehir.web.tr\/#\/schema\/person\/6ab2d6737a97da61e188d3f186a6ffca"},"potentialAction":[{"@type":"SearchAction","target":{"@type":"EntryPoint","urlTemplate":"https:\/\/aksehir.web.tr\/?s={search_term_string}"},"query-input":{"@type":"PropertyValueSpecification","valueRequired":true,"valueName":"search_term_string"}}],"inLanguage":"tr"},{"@type":["Person","Organization"],"@id":"https:\/\/aksehir.web.tr\/#\/schema\/person\/6ab2d6737a97da61e188d3f186a6ffca","name":"admin","image":{"@type":"ImageObject","inLanguage":"tr","@id":"https:\/\/aksehir.web.tr\/wp-content\/uploads\/2020\/12\/cropped-cropped-bbbaslik.png","url":"https:\/\/aksehir.web.tr\/wp-content\/uploads\/2020\/12\/cropped-cropped-bbbaslik.png","contentUrl":"https:\/\/aksehir.web.tr\/wp-content\/uploads\/2020\/12\/cropped-cropped-bbbaslik.png","width":960,"height":80,"caption":"admin"},"logo":{"@id":"https:\/\/aksehir.web.tr\/wp-content\/uploads\/2020\/12\/cropped-cropped-bbbaslik.png"}}]}},"_links":{"self":[{"href":"https:\/\/aksehir.web.tr\/index.php?rest_route=\/wp\/v2\/pages\/158","targetHints":{"allow":["GET"]}}],"collection":[{"href":"https:\/\/aksehir.web.tr\/index.php?rest_route=\/wp\/v2\/pages"}],"about":[{"href":"https:\/\/aksehir.web.tr\/index.php?rest_route=\/wp\/v2\/types\/page"}],"author":[{"embeddable":true,"href":"https:\/\/aksehir.web.tr\/index.php?rest_route=\/wp\/v2\/users\/1"}],"replies":[{"embeddable":true,"href":"https:\/\/aksehir.web.tr\/index.php?rest_route=%2Fwp%2Fv2%2Fcomments&post=158"}],"version-history":[{"count":4,"href":"https:\/\/aksehir.web.tr\/index.php?rest_route=\/wp\/v2\/pages\/158\/revisions"}],"predecessor-version":[{"id":2039,"href":"https:\/\/aksehir.web.tr\/index.php?rest_route=\/wp\/v2\/pages\/158\/revisions\/2039"}],"wp:attachment":[{"href":"https:\/\/aksehir.web.tr\/index.php?rest_route=%2Fwp%2Fv2%2Fmedia&parent=158"}],"curies":[{"name":"wp","href":"https:\/\/api.w.org\/{rel}","templated":true}]}}