{"id":572,"date":"2020-12-17T09:55:00","date_gmt":"2020-12-17T09:55:00","guid":{"rendered":"https:\/\/aksehir.web.tr\/?page_id=572"},"modified":"2021-03-02T19:17:54","modified_gmt":"2021-03-02T19:17:54","slug":"572-2","status":"publish","type":"page","link":"https:\/\/aksehir.web.tr\/?page_id=572","title":{"rendered":""},"content":{"rendered":"<p style=\"text-align: center;\"><span style=\"font-family: verdana, geneva, sans-serif; font-size: 12pt; color: #808080;\">Mehmet G\u00fcleray&#8217;\u0131n kaleminden,<\/span><\/p>\n<p style=\"text-align: center;\"><span style=\"font-family: verdana, geneva, sans-serif; font-size: 14pt; color: #808080;\">AK\u015eEH\u0130R\u2019 DE EVLENME &#8211; D\u00dc\u011e\u00dcN GELENEK VE G\u00d6RENEKLER\u0130<\/span><\/p>\n<p><span style=\"font-family: verdana, geneva, sans-serif; font-size: 12pt; color: #808080;\">Ak\u015fehir ve \u00e7evresinde a\u015fa\u011f\u0131da belirtilen esaslar dahilinde evlenme d\u00fc\u011f\u00fcn gelenek ve g\u00f6renekleri s\u00fcrd\u00fcr\u00fclmektedir. Bunlar\u0131 s\u0131ras\u0131yla ve detayl\u0131 bir \u015fekilde ele alacak olursak: GICILAR (GEL\u0130N A\u011eLATMA HAVASI) G\u0131c\u0131lar kavak da g\u0131c\u0131lar K\u0131na getirir hac\u0131lar Gelmez olsun gelin al\u0131c\u0131lar Kal evimiz kal kal \u015een k\u0131z\u0131m\u0131z \u015fen \u015fen anam \u015fen K\u0131nay\u0131 kararlar tasta O\u011flan evi pek heveste K\u0131z evi kara kara yasta Kal evimiz kal kal \u015een k\u0131z\u0131m\u0131z \u015fen \u015fen anam \u015fen K\u0131z\u0131n anas\u0131 hey K\u0131z size misafir Bug\u00fcn ak\u015faml\u0131k Yar\u0131n \u00f6\u011flenlik Kal evimiz kal kal \u015een k\u0131z\u0131m\u0131z \u015fen \u015fen anam \u015fen.<\/span><\/p>\n<p><span style=\"font-family: verdana, geneva, sans-serif; font-size: 12pt; color: #808080;\">1- G\u00d6R\u00dcML\u00dcK: O\u011fulunu evlendirecek baba yada anneler, kimseye haber vermeden k\u0131z g\u00f6rme giri\u015fiminde bulunurlar. O\u011flan anas\u0131, yan\u0131na k\u0131z\u0131n\u0131 yada yak\u0131nlar\u0131ndan bir kad\u0131n\u0131 alarak k\u0131z\u0131 g\u00f6rmeye giderler. K\u0131z\u0131n ailesini, evini-bark\u0131n\u0131 k\u0131z\u0131n ve ev halk\u0131n\u0131n davran\u0131\u015flar\u0131n\u0131, k\u0131z\u0131n v\u00fccut yap\u0131s\u0131n\u0131, terbiyesini, tertip ve d\u00fczenini g\u00f6zden ge\u00e7irirler. Be\u011fenmezlerse hi\u00e7 bir \u015fey s\u00f6ylemeden k\u0131z evinden ayr\u0131l\u0131rlar. Sadece ziyaret i\u00e7in geldiklerini ifade ederler.<\/span><\/p>\n<p><span style=\"font-family: verdana, geneva, sans-serif; font-size: 12pt; color: #808080;\">2- A\u011eIZ ARAMA: K\u0131z be\u011fenilirse, bu konuda deneyimli olan bir kad\u0131n k\u0131z evinde gider. K\u0131z\u0131n anas\u0131n\u0131n a\u011fz\u0131n\u0131 arar, o\u011flan hakk\u0131nda bilgi verir. Olumlu sonu\u00e7 al\u0131rsa k\u0131z anas\u0131na \u201cd\u00fcn\u00fcrc\u00fc gelece\u011fini\u201d s\u00f6yler. Buna \u201cA\u011f\u0131z Arama\u201d denir. Bu s\u0131rada kad\u0131n\u0131n ayakkab\u0131lar\u0131 \u00e7evrilirse \u201cG\u00f6n\u00fcll\u00fc\u201d d\u0131\u015far\u0131 at\u0131l\u0131rsa \u201cG\u00f6n\u00fcls\u00fcz\u201d olduklar\u0131 anla\u015f\u0131l\u0131r.<\/span><\/p>\n<p><span style=\"font-family: verdana, geneva, sans-serif; font-size: 12pt; color: #808080;\">3- KIZ B\u0130T\u0130RME: G\u00f6n\u00fcll\u00fc olduklar\u0131 anla\u015f\u0131ld\u0131ktan sonra erkek d\u00fcn\u00fcrc\u00fc k\u0131z evine gider \u201cAllah\u2019\u0131n emri, Peygamberin kavli ile k\u0131z\u0131n\u0131 o\u011flumuza almak i\u00e7in istemeye geldik.\u201d der. Bunun \u00fczerine k\u0131z babas\u0131, \u201cO\u011flumuza, bir \u015fey diyece\u011fimiz yok, Allah yazd\u0131ysa olur, ancak bana birka\u00e7 g\u00fcn izin verin d\u00fc\u015f\u00fcneyim.\u201dder. Bu s\u00f6zlerden i\u015fin olaca\u011f\u0131 anla\u015f\u0131l\u0131r. Ancak \u201cK\u0131z\u0131m k\u00fc\u00e7\u00fckt\u00fcr, evlenme zaman\u0131 de\u011fildir, s\u00f6zl\u00fcd\u00fcr, de\u011filse sizlerden iyisine mi verecektim.\u201d derse vermek istemedi\u011fi ve g\u00f6n\u00fcl alarak ba\u015f\u0131ndan savmak istedi\u011fi sonucuna var\u0131l\u0131r. \u0130ki \u00fc\u00e7 g\u00fcn sonra k\u0131z evine tekrar gidilir. K\u0131z babas\u0131 \u201cBiz raz\u0131y\u0131z, ama bir de akrabalara dan\u0131\u015fal\u0131m\u201d der. \u00dc\u00e7\u00fcnc\u00fc gidi\u015fte k\u0131z babas\u0131 \u201cALLAH YAZMI\u015e, ALIN YAZISI DE\u011e\u0130\u015eMEZ, B\u0130Z B\u0130R \u015eEY D\u0130YEMEY\u0130Z.\u201d diyerek kesin cevab\u0131 verir. O\u011flan taraf\u0131 da \u201cB\u0130Z SEVD\u0130K, \u0130STED\u0130K, D\u0130LED\u0130K KAPINIZA GELD\u0130K. S\u0130Z DE \u0130STED\u0130N\u0130Z D\u0130LED\u0130N\u0130Z N\u0130\u015eANIMIZI KOYALIM\u201d derler. B\u00f6ylece ni\u015fan g\u00fcn\u00fc kararla\u015ft\u0131r\u0131l\u0131r.<\/span><\/p>\n<p><span style=\"font-family: verdana, geneva, sans-serif; font-size: 12pt; color: #808080;\">4- N\u0130\u015eAN: Kararla\u015ft\u0131r\u0131lan g\u00fcnde yada aileler aras\u0131nda \u015eERBET \u0130\u00c7\u0130LEREK yada sazl\u0131 ve s\u00f6zl\u00fc e\u011flence d\u00fczenlenerek y\u00fcz\u00fckler tak\u0131l\u0131r. Ak\u015fehir\u2019de genellikle aileler aras\u0131nda yap\u0131lan ni\u015fan t\u00f6renleri daha \u00e7ok yayg\u0131nd\u0131r.<\/span><\/p>\n<p><span style=\"font-family: verdana, geneva, sans-serif; font-size: 12pt; color: #808080;\">5- KALIN BOZMA: Kararla\u015ft\u0131r\u0131lan g\u00fcnde o\u011flan ile k\u0131z\u0131n yak\u0131nlar\u0131 gelin k\u0131z\u0131 da alarak \u00e7ar\u015f\u0131ya \u00e7\u0131karlar. Daha \u00f6nce mihir kesiminde kararla\u015ft\u0131r\u0131lan e\u015fyalar\u0131 al\u0131rlar. Gerekli olan giysiler \u00f6zel terzilere diktirilir. K\u00f6yde olanlar \u2018kal\u0131n bozma\u2019 i\u015fi i\u00e7in mutlaka \u015fehre inerler. Gerekli olan ihtiya\u00e7lar \u015fehirden temin edilir.<\/span><\/p>\n<p><span style=\"font-family: verdana, geneva, sans-serif; font-size: 12pt; color: #808080;\">6- D\u00dcR\u00dc YOLLAMA: Haz\u0131rlanan giysiler, \u00f6rne\u011fine uygun \u015fekilde daha \u00f6nceden haz\u0131rlanan boh\u00e7alara konularak k\u0131z evine g\u00f6nderilir. K\u0131z evinde haz\u0131rlanan da o\u011flan evine g\u00f6nderilir. K\u0131z evinde haz\u0131rlananlar da o\u011flan evine yollan\u0131l\u0131r. Buna \u2018D\u00dcR\u00dc\u2019 derin. D\u00fcr\u00fcn\u00fcn zengin olmas\u0131 i\u00e7in her iki taraf da b\u00fcy\u00fck \u00f6zen g\u00f6sterir. D\u00fcr\u00fcler kom\u015fularla, yak\u0131n akrabalar taraf\u0131ndan incelenir.<\/span><\/p>\n<p><span style=\"font-family: verdana, geneva, sans-serif; font-size: 12pt; color: #808080;\">7-D\u00dc\u011e\u00dcN: Ak\u015fehir ve \u00e7evresinde d\u00fc\u011f\u00fcnler genellikle PER\u015eEMBE ve PAZAR g\u00fcnleri yap\u0131l\u0131r. D\u00fc\u011f\u00fcnden \u00f6nce o\u011flan evi ve k\u0131z\u0131 evi taraf\u0131ndan OKUNTU (davetiye) g\u00f6nderilir. K\u00f6ylerde ise okuntu, yak\u0131n k\u00f6ylere g\u00f6nderilir. Okuntu, k\u0131z veya o\u011flan evi taraf\u0131ndan g\u00f6nderilen e\u015fyad\u0131r. De\u011ferli okuntular, daha \u00e7ok yak\u0131n akrabalarla aile b\u00fcy\u00fcklerine g\u00f6nderilir.<\/span><\/p>\n<p><span style=\"font-family: verdana, geneva, sans-serif; font-size: 12pt; color: #808080;\">8- D\u00dc\u011e\u00dcN P\u0130LAVI: Gelinin o\u011flan evine gelece\u011fi g\u00fcn\u00fcn sabah\u0131, o\u011flan evi taraf\u0131ndan e\u015fe dosta ve davetlilere yemek ve pilav d\u00f6k\u00fcl\u00fcr. Pilav geleneksel Ak\u015fehir yemekleri \u00e7e\u015fitleriyle zenginle\u015ftirilir.<\/span><\/p>\n<p><span style=\"font-family: verdana, geneva, sans-serif; font-size: 12pt; color: #808080;\">9- D\u00dc\u011e\u00dcN HAMAMI VE BERBER\u0130: Pilav d\u00f6kme ve yemek i\u015flemleri devam ederken gelin arkada\u015flar\u0131 ile y\u0131kanmak \u00fczere hamama giderler. Hamamda hem y\u0131kanma hem de e\u011flenme \u00e7al\u0131p oynama e\u011flenceleri devam eder. Bundan sonra berbere gidilir. Ak\u015fehir\u2019de \u201cgelin hamam\u0131\u201dn\u0131n \u00f6zel bir yeri ve de\u011feri vard\u0131r. Bu arada evlenecek damat (g\u00fcveyi) de berbere damatl\u0131k tra\u015f\u0131n\u0131 yapt\u0131r\u0131r. Damatl\u0131k elbisesini giyer, gelin alma t\u00f6reninden \u00f6nce haz\u0131rlanm\u0131\u015f olur.<\/span><\/p>\n<p><span style=\"font-family: verdana, geneva, sans-serif; font-size: 12pt; color: #808080;\">10- KINA GECES\u0130: Gelinin eve gelmesinden bir g\u00fcn \u00f6ncesi gecesine \u201cKINA GECES\u0130\u201d denir. Bu gece s\u00fcresince o\u011flan ve k\u0131z evinde b\u00fcy\u00fck g\u00f6rkemli ve de\u011fi\u015fik e\u011flenceler d\u00fczenlenir. H\u0131s\u0131m, akraba, kolu kom\u015fu ve davetlilerin hepsi bu k\u0131na gecesinde b\u00fcy\u00fck bir co\u015fkunlukla \u00e7alarlar, s\u00f6ylerler, oynarlar. K\u0131na gecesinde o\u011flan evinden de bir gurup kad\u0131n bu e\u011flencelere kat\u0131l\u0131r. E\u011flencelerin ortalar\u0131na do\u011fru gelince, GICILAR t\u00fcrk\u00fcs\u00fc s\u00f6ylenerek eline ve ba\u015f\u0131na k\u0131nas\u0131 yak\u0131l\u0131r.<\/span><\/p>\n<p><span style=\"font-family: verdana, geneva, sans-serif; font-size: 12pt; color: #808080;\">11- D\u00dc\u011e\u00dcN ALAYI VE GEL\u0130N\u0130N GET\u0130R\u0130L\u0130\u015e\u0130: Pilav ve davet yemekleri yenildikten sonra, o\u011flan evinin tuttu\u011fu taksi, otob\u00fcs ve akrabalarla k\u0131z evine gidilir. O\u011flan\u0131n babas\u0131, yan\u0131na iki ki\u015fi alarak gelinin bulundu\u011fu odaya girer. K\u0131z\u0131n ba\u015f\u0131lara gerekli bah\u015fi\u015fi vererek kap\u0131y\u0131 a\u00e7t\u0131r\u0131r. Yorgan ve ayna al\u0131nd\u0131ktan sonra kaynana gelinin elinden tutar. Sonra di\u011fer b\u00fcy\u00fck, \u00f6teki koluna girer ve gelin kap\u0131 kap\u0131 \u00f6n\u00fcne \u00e7\u0131kar\u0131rlar. Gelin arabas\u0131na yerle\u015ftirilir. \u201cAllaha\u0131smarlad\u0131k\u201d denildikten sonra o\u011flan evinin yolu tutulur. Buna GEL\u0130N ALAYI denilir. Yol boyunca gelin alay\u0131n\u0131n \u00f6n\u00fc \u00e7e\u015fitli \u015fah\u0131slarla kesilerek kay\u0131npeder olduk\u00e7a terletilir. Gelinin \u00f6n\u00fcne su testisi konulur. G\u00fcveyi gelinin ba\u015f\u0131na para ve \u00e7erez serper. Damat gelinin koluna girer. Odas\u0131na g\u00f6t\u00fcr\u00fcr. Sonra sa\u011fd\u0131\u00e7la birlikte evden ayr\u0131l\u0131r.<\/span><\/p>\n<p><span style=\"font-family: verdana, geneva, sans-serif; font-size: 12pt; color: #808080;\">12- GERDE\u011eE KOYMA: Damat ak\u015fam yeme\u011finde eve gelmeden \u00f6nce sa\u011fd\u0131\u00e7 evinde kal\u0131r. Yeme\u011fi burada yer. Yemekten sonra yats\u0131 namaz\u0131 k\u0131l\u0131n\u0131r. Birlikte o\u011flan evine gidilir. Burada gelinden s\u00f6z al\u0131nd\u0131ktan sonra imam dini nikah\u0131 k\u0131yar. \u0130mam efendi nikahtan sonra damad\u0131 gelin odas\u0131na getirir. Kap\u0131y\u0131 a\u00e7ar ve odaya koyar. Damat odaya girerken en yak\u0131n arkada\u015f\u0131 taraf\u0131ndan s\u0131rt\u0131na kuvvetlice vurur. Buna gerde\u011fe koyma denir.<\/span><\/p>\n<p><span style=\"font-family: verdana, geneva, sans-serif; font-size: 12pt; color: #808080;\">13- ERTE D\u00dc\u011e\u00dcN\u00dc: Ertesi g\u00fcn\u00fc, gelin y\u00fcz\u00fc (erte) d\u00fc\u011f\u00fcn\u00fc yap\u0131l\u0131r. Gelin evinde gelini g\u00f6rmeye gelenler, kad\u0131nlar taraf\u0131ndan d\u00fc\u011f\u00fcn e\u011flencesi yap\u0131l\u0131r. Oyuna kat\u0131lan kad\u0131nlara g\u00fcveyinin yak\u0131nlar\u0131 taraf\u0131ndan para takar. Gelin oyuna kalkt\u0131\u011f\u0131nda kaynanas\u0131 g\u00f6\u011fs\u00fcne bir ka\u011f\u0131t para takar, i\u011fneler.<\/span><\/p>\n<p><span style=\"font-family: verdana, geneva, sans-serif; font-size: 12pt; color: #808080;\">14- SA\u011eDI\u00c7 YEME\u011e\u0130: Damat, ayn\u0131 g\u00fcnde \u00f6\u011fle yeme\u011fini sa\u011fd\u0131\u00e7 ve yak\u0131n arkada\u015flar\u0131yla birlikte yer. Gelinin getirdi\u011fi tavuk ve helvalar sofraya konur. Sa\u011fd\u0131\u00e7 ve di\u011fer arkada\u015flar\u0131na emekleri kar\u015f\u0131l\u0131\u011f\u0131nda arma\u011fanlar da\u011f\u0131t\u0131l\u0131r. B\u00f6ylece d\u00fczene hizmeti ge\u00e7enler de \u201cg\u00f6n\u00fcllenmi\u015f\u201d olurlar.<\/span><\/p>\n<p><span style=\"font-family: verdana, geneva, sans-serif; font-size: 12pt; color: #808080;\">15- GEL\u0130N G\u00dcVEY\u0130 Z\u0130YARETLER\u0130: Bir ka\u00e7 g\u00fcn sonra gelin ile g\u00fcveyi yak\u0131n h\u0131s\u0131m akraba ve arkada\u015flar\u0131n\u0131n ziyaretlerini yaparak ellerini \u00f6perler. Ziyaret edilecek evde yeni evliler i\u00e7in yemek haz\u0131rlan\u0131r. El \u00f6p\u00fcld\u00fckten sonra akrabalara gelin ve g\u00fcveyi taraf\u0131ndan getirilen arma\u011fanlar\u0131 verilir. Eli \u00f6p\u00fclen akraba b\u00fcy\u00fckleri, kimseye sezdirmeden geline para verirler. \u201cAllah ba\u015fa kadar g\u00fcld\u00fcrs\u00fcn\u201d dile\u011finde bulunur. Bu adetler maalesef g\u00fcn\u00fcn \u015fartlar\u0131 az rastlan\u0131yor.<\/span><\/p>\n<p><span style=\"font-family: verdana, geneva, sans-serif; font-size: 12pt; color: #808080;\">D\u00dc\u011e\u00dcN \u0130LE \u0130LG\u0130L\u0130 ATA S\u00d6Z\u00dc VE DEY\u0130MLER<\/span><\/p>\n<p><span style=\"font-family: verdana, geneva, sans-serif; font-size: 12pt; color: #808080;\">Anas\u0131na bak k\u0131z\u0131n\u0131 al, kenar\u0131na bak bezini al.<\/span><br \/>\n<span style=\"font-family: verdana, geneva, sans-serif; font-size: 12pt; color: #808080;\">Analar alt\u0131n taht yapt\u0131r\u0131r da alt\u0131n baht yapt\u0131ramazlar.<\/span><br \/>\n<span style=\"font-family: verdana, geneva, sans-serif; font-size: 12pt; color: #808080;\">Yi\u011fit\u2019e ver k\u0131z\u0131, Mevla\u2019dan iste r\u0131zk\u0131.<\/span><br \/>\n<span style=\"font-family: verdana, geneva, sans-serif; font-size: 12pt; color: #808080;\">Pekmez dipte, kad\u0131n dipte.<\/span><br \/>\n<span style=\"font-family: verdana, geneva, sans-serif; font-size: 12pt; color: #808080;\">\u00d6ks\u00fcz evlenmek isterse herkes anas\u0131 babas\u0131 olur.<\/span><br \/>\n<span style=\"font-family: verdana, geneva, sans-serif; font-size: 12pt; color: #808080;\">Avrat var arpa unundan a\u015f, avrat var bu\u011fday unundan ke\u015f yapar.<\/span><br \/>\n<span style=\"font-family: verdana, geneva, sans-serif; font-size: 12pt; color: #808080;\">Avrat\u0131 er de\u011fil, ar zapt eder.<\/span><br \/>\n<span style=\"font-family: verdana, geneva, sans-serif; font-size: 12pt; color: #808080;\">Avrat mal\u0131 kap\u0131 mandal\u0131.<\/span><br \/>\n<span style=\"font-family: verdana, geneva, sans-serif; font-size: 12pt; color: #808080;\">At ile avrat yi\u011fidin baht\u0131na.<\/span><br \/>\n<span style=\"font-family: verdana, geneva, sans-serif; font-size: 12pt; color: #808080;\">D\u00fc\u011f\u00fcn el ile harman yel ile.<\/span><br \/>\n<span style=\"font-family: verdana, geneva, sans-serif; font-size: 12pt; color: #808080;\">K\u0131z istenirken, at beslenirken.<\/span><br \/>\n<span style=\"font-family: verdana, geneva, sans-serif; font-size: 12pt; color: #808080;\">O\u011flan \u00e7ocu\u011fu g\u00f6z boncu\u011fu, al\u0131r gider el kanc\u0131\u011f\u0131.<\/span><\/p>\n<p><span style=\"font-family: verdana, geneva, sans-serif; font-size: 12pt; color: #808080;\">Mehmet G\u00fcleray&#8217;a Te\u015fekk\u00fcrler&#8230;<\/span><\/p>\n","protected":false},"excerpt":{"rendered":"<p>Mehmet G\u00fcleray&#8217;\u0131n kaleminden, AK\u015eEH\u0130R\u2019 DE EVLENME &#8211; D\u00dc\u011e\u00dcN GELENEK VE G\u00d6RENEKLER\u0130 Ak\u015fehir ve \u00e7evresinde a\u015fa\u011f\u0131da belirtilen esaslar dahilinde evlenme d\u00fc\u011f\u00fcn<\/p>\n","protected":false},"author":1,"featured_media":0,"parent":0,"menu_order":0,"comment_status":"closed","ping_status":"closed","template":"","meta":{"footnotes":""},"class_list":["post-572","page","type-page","status-publish","hentry"],"yoast_head":"<!-- This site is optimized with the Yoast SEO plugin v27.6 - https:\/\/yoast.com\/product\/yoast-seo-wordpress\/ -->\n<title>- Ak\u015fehir.web.tr<\/title>\n<meta name=\"robots\" content=\"index, follow, max-snippet:-1, max-image-preview:large, max-video-preview:-1\" \/>\n<link rel=\"canonical\" href=\"https:\/\/aksehir.web.tr\/?page_id=572\" \/>\n<meta property=\"og:locale\" content=\"tr_TR\" \/>\n<meta property=\"og:type\" content=\"article\" \/>\n<meta property=\"og:title\" content=\"- Ak\u015fehir.web.tr\" \/>\n<meta property=\"og:description\" content=\"Mehmet G\u00fcleray&#8217;\u0131n kaleminden, AK\u015eEH\u0130R\u2019 DE EVLENME &#8211; D\u00dc\u011e\u00dcN GELENEK VE G\u00d6RENEKLER\u0130 Ak\u015fehir ve \u00e7evresinde a\u015fa\u011f\u0131da belirtilen esaslar dahilinde evlenme d\u00fc\u011f\u00fcn\" \/>\n<meta property=\"og:url\" content=\"https:\/\/aksehir.web.tr\/?page_id=572\" \/>\n<meta property=\"og:site_name\" content=\"Ak\u015fehir.web.tr\" \/>\n<meta property=\"article:modified_time\" content=\"2021-03-02T19:17:54+00:00\" \/>\n<meta name=\"twitter:card\" content=\"summary_large_image\" \/>\n<meta name=\"twitter:label1\" content=\"Tahmini okuma s\u00fcresi\" \/>\n\t<meta name=\"twitter:data1\" content=\"5 dakika\" \/>\n<script type=\"application\/ld+json\" class=\"yoast-schema-graph\">{\"@context\":\"https:\\\/\\\/schema.org\",\"@graph\":[{\"@type\":\"WebPage\",\"@id\":\"https:\\\/\\\/aksehir.web.tr\\\/?page_id=572\",\"url\":\"https:\\\/\\\/aksehir.web.tr\\\/?page_id=572\",\"name\":\"- Ak\u015fehir.web.tr\",\"isPartOf\":{\"@id\":\"https:\\\/\\\/aksehir.web.tr\\\/#website\"},\"datePublished\":\"2020-12-17T09:55:00+00:00\",\"dateModified\":\"2021-03-02T19:17:54+00:00\",\"inLanguage\":\"tr\",\"potentialAction\":[{\"@type\":\"ReadAction\",\"target\":[\"https:\\\/\\\/aksehir.web.tr\\\/?page_id=572\"]}]},{\"@type\":\"WebSite\",\"@id\":\"https:\\\/\\\/aksehir.web.tr\\\/#website\",\"url\":\"https:\\\/\\\/aksehir.web.tr\\\/\",\"name\":\"Ak\u015fehir\",\"description\":\"D\u00fcnyan\u0131n Ortas\u0131na Ho\u015fgeldiniz\",\"publisher\":{\"@id\":\"https:\\\/\\\/aksehir.web.tr\\\/#\\\/schema\\\/person\\\/6ab2d6737a97da61e188d3f186a6ffca\"},\"potentialAction\":[{\"@type\":\"SearchAction\",\"target\":{\"@type\":\"EntryPoint\",\"urlTemplate\":\"https:\\\/\\\/aksehir.web.tr\\\/?s={search_term_string}\"},\"query-input\":{\"@type\":\"PropertyValueSpecification\",\"valueRequired\":true,\"valueName\":\"search_term_string\"}}],\"inLanguage\":\"tr\"},{\"@type\":[\"Person\",\"Organization\"],\"@id\":\"https:\\\/\\\/aksehir.web.tr\\\/#\\\/schema\\\/person\\\/6ab2d6737a97da61e188d3f186a6ffca\",\"name\":\"admin\",\"image\":{\"@type\":\"ImageObject\",\"inLanguage\":\"tr\",\"@id\":\"https:\\\/\\\/aksehir.web.tr\\\/wp-content\\\/uploads\\\/2020\\\/12\\\/cropped-cropped-bbbaslik.png\",\"url\":\"https:\\\/\\\/aksehir.web.tr\\\/wp-content\\\/uploads\\\/2020\\\/12\\\/cropped-cropped-bbbaslik.png\",\"contentUrl\":\"https:\\\/\\\/aksehir.web.tr\\\/wp-content\\\/uploads\\\/2020\\\/12\\\/cropped-cropped-bbbaslik.png\",\"width\":960,\"height\":80,\"caption\":\"admin\"},\"logo\":{\"@id\":\"https:\\\/\\\/aksehir.web.tr\\\/wp-content\\\/uploads\\\/2020\\\/12\\\/cropped-cropped-bbbaslik.png\"}}]}<\/script>\n<!-- \/ Yoast SEO plugin. -->","yoast_head_json":{"title":"- Ak\u015fehir.web.tr","robots":{"index":"index","follow":"follow","max-snippet":"max-snippet:-1","max-image-preview":"max-image-preview:large","max-video-preview":"max-video-preview:-1"},"canonical":"https:\/\/aksehir.web.tr\/?page_id=572","og_locale":"tr_TR","og_type":"article","og_title":"- Ak\u015fehir.web.tr","og_description":"Mehmet G\u00fcleray&#8217;\u0131n kaleminden, AK\u015eEH\u0130R\u2019 DE EVLENME &#8211; D\u00dc\u011e\u00dcN GELENEK VE G\u00d6RENEKLER\u0130 Ak\u015fehir ve \u00e7evresinde a\u015fa\u011f\u0131da belirtilen esaslar dahilinde evlenme d\u00fc\u011f\u00fcn","og_url":"https:\/\/aksehir.web.tr\/?page_id=572","og_site_name":"Ak\u015fehir.web.tr","article_modified_time":"2021-03-02T19:17:54+00:00","twitter_card":"summary_large_image","twitter_misc":{"Tahmini okuma s\u00fcresi":"5 dakika"},"schema":{"@context":"https:\/\/schema.org","@graph":[{"@type":"WebPage","@id":"https:\/\/aksehir.web.tr\/?page_id=572","url":"https:\/\/aksehir.web.tr\/?page_id=572","name":"- Ak\u015fehir.web.tr","isPartOf":{"@id":"https:\/\/aksehir.web.tr\/#website"},"datePublished":"2020-12-17T09:55:00+00:00","dateModified":"2021-03-02T19:17:54+00:00","inLanguage":"tr","potentialAction":[{"@type":"ReadAction","target":["https:\/\/aksehir.web.tr\/?page_id=572"]}]},{"@type":"WebSite","@id":"https:\/\/aksehir.web.tr\/#website","url":"https:\/\/aksehir.web.tr\/","name":"Ak\u015fehir","description":"D\u00fcnyan\u0131n Ortas\u0131na Ho\u015fgeldiniz","publisher":{"@id":"https:\/\/aksehir.web.tr\/#\/schema\/person\/6ab2d6737a97da61e188d3f186a6ffca"},"potentialAction":[{"@type":"SearchAction","target":{"@type":"EntryPoint","urlTemplate":"https:\/\/aksehir.web.tr\/?s={search_term_string}"},"query-input":{"@type":"PropertyValueSpecification","valueRequired":true,"valueName":"search_term_string"}}],"inLanguage":"tr"},{"@type":["Person","Organization"],"@id":"https:\/\/aksehir.web.tr\/#\/schema\/person\/6ab2d6737a97da61e188d3f186a6ffca","name":"admin","image":{"@type":"ImageObject","inLanguage":"tr","@id":"https:\/\/aksehir.web.tr\/wp-content\/uploads\/2020\/12\/cropped-cropped-bbbaslik.png","url":"https:\/\/aksehir.web.tr\/wp-content\/uploads\/2020\/12\/cropped-cropped-bbbaslik.png","contentUrl":"https:\/\/aksehir.web.tr\/wp-content\/uploads\/2020\/12\/cropped-cropped-bbbaslik.png","width":960,"height":80,"caption":"admin"},"logo":{"@id":"https:\/\/aksehir.web.tr\/wp-content\/uploads\/2020\/12\/cropped-cropped-bbbaslik.png"}}]}},"_links":{"self":[{"href":"https:\/\/aksehir.web.tr\/index.php?rest_route=\/wp\/v2\/pages\/572","targetHints":{"allow":["GET"]}}],"collection":[{"href":"https:\/\/aksehir.web.tr\/index.php?rest_route=\/wp\/v2\/pages"}],"about":[{"href":"https:\/\/aksehir.web.tr\/index.php?rest_route=\/wp\/v2\/types\/page"}],"author":[{"embeddable":true,"href":"https:\/\/aksehir.web.tr\/index.php?rest_route=\/wp\/v2\/users\/1"}],"replies":[{"embeddable":true,"href":"https:\/\/aksehir.web.tr\/index.php?rest_route=%2Fwp%2Fv2%2Fcomments&post=572"}],"version-history":[{"count":2,"href":"https:\/\/aksehir.web.tr\/index.php?rest_route=\/wp\/v2\/pages\/572\/revisions"}],"predecessor-version":[{"id":2012,"href":"https:\/\/aksehir.web.tr\/index.php?rest_route=\/wp\/v2\/pages\/572\/revisions\/2012"}],"wp:attachment":[{"href":"https:\/\/aksehir.web.tr\/index.php?rest_route=%2Fwp%2Fv2%2Fmedia&parent=572"}],"curies":[{"name":"wp","href":"https:\/\/api.w.org\/{rel}","templated":true}]}}